{"id":29,"date":"2024-12-03T23:26:07","date_gmt":"2024-12-03T22:26:07","guid":{"rendered":"https:\/\/edeledesign.com\/?page_id=29"},"modified":"2026-04-12T16:34:22","modified_gmt":"2026-04-12T14:34:22","slug":"prestations","status":"publish","type":"page","link":"https:\/\/edeledesign.com\/index.php\/prestations\/","title":{"rendered":"Prestations"},"content":{"rendered":"\n<p><strong><strong>Prestations d\u2019architecte d\u2019int\u00e9rieur et d\u00e9coratrice en \u00cele-de-France<\/strong><\/strong><\/p>\n\n\n\n<p>En tant qu\u2019architecte d\u2019int\u00e9rieur et d\u00e9coratrice en \u00cele-de-France, j\u2019accompagne les particuliers et les professionnels dans leurs projets d\u2019am\u00e9nagement int\u00e9rieur, de r\u00e9novation compl\u00e8te ou partielle, et de d\u00e9coration pour tous types d\u2019espaces, qu\u2019il s\u2019agisse d\u2019appartements, de maisons ou autre, adapt\u00e9es \u00e0 chaque projet.<br><br>Gr\u00e2ce \u00e0 un <strong>r\u00e9seau de partenaires artisans de confiance<\/strong>, chaque projet est pens\u00e9 dans les moindres d\u00e9tails pour conjuguer <strong>esth\u00e9tique, fonctionnalit\u00e9 et qualit\u00e9 durable<\/strong>.<\/p>\n\n\n\n<p><\/p>\n\n\n\n<h4 class=\"wp-block-heading\"><strong>Conception architecturale &amp; d\u00e9corative&nbsp;<\/strong><\/h4>\n\n\n\n<p>Une \u00e9tude compl\u00e8te et personnalis\u00e9e : plans, vues 3D, planches d\u2019ambiance, recommandations techniques, s\u00e9lection mat\u00e9riaux et mobiliers.<br><strong>Rendez-vous visite (offert)<\/strong><br><strong>Dossier de conception<\/strong><br><strong>Suivi de chantier <em>(option Mission compl\u00e8te)<\/em><\/strong><br>Je pilote pour vous les travaux : coordination des artisans, suivi du planning, contr\u00f4le qualit\u00e9\u2026 jusqu\u2019\u00e0 la r\u00e9ception finale.<br><strong>Tarif&nbsp;: sur devis<\/strong><\/p>\n\n\n\n<h4 class=\"wp-block-heading\"><strong>Relooking d\u2019int\u00e9rieur<\/strong><\/h4>\n\n\n\n<p>Id\u00e9al pour r\u00e9agencer et\/ou red\u00e9corer un espace, avec ou sans quelques l\u00e9gers travaux<br>Nouveaux mobiliers, mise en valeur de votre mobilier existant, harmonisation des couleurs, mise en valeur des volumes\u2026 Un int\u00e9rieur sublim\u00e9, \u00e0 votre image.<br><strong>Rendez-vous visite (offert)<\/strong><br><strong>Dossier de relooking personnalis\u00e9 avec planche d\u2019inspiration, vues 3D et shopping-list<br>Tarif : sur devis<\/strong><\/p>\n\n\n\n<h4 class=\"wp-block-heading\"><strong>Mission de conseil<\/strong><\/h4>\n\n\n\n<p>Id\u00e9ale si vous souhaitez vous occuper vous-m\u00eame de la r\u00e9novation ou de la d\u00e9coration de votre int\u00e9rieur mais que vous avez besoin d\u2019aide sur le choix d\u2019agencement, de couleurs et\/ou de mat\u00e9riaux. La formule conseil est faite pour vous.<br><strong>Rendez-vous pour un \u00e9change approfondi sur votre projet<\/strong><br><strong>Compte-rendu de visite avec mes recommandations et une planche d\u2019inspiration.<br>Tarif : Forfait \u00e0 300\u20ac<\/strong><\/p>\n\n\n\n<h4 class=\"wp-block-heading\"><strong>Valorisation immobili\u00e8re (vente ou location)<\/strong><\/h4>\n\n\n\n<p>Id\u00e9ale pour cr\u00e9er une ambiance qui valorise pleinement le bien et favorise une vente ou une location rapide et r\u00e9ussie.<br><strong>Rendez-vous visite (offert)<br>Dossier de valorisation immobili\u00e8re personnalis\u00e9<br>Tarif : sur devis<\/strong><\/p>\n\n\n\n<blockquote class=\"wp-block-quote is-layout-flow wp-block-quote-is-layout-flow\">\n<p><strong><mark style=\"background-color:rgba(0, 0, 0, 0);color:#c18761\" class=\"has-inline-color\">Pour discuter de votre projet, contactez-moi et commen\u00e7ons \u00e0 imaginer votre futur espace !<\/mark><\/strong><\/p>\n<\/blockquote>\n\n\n\n<p><\/p>\n","protected":false},"excerpt":{"rendered":"<p>Prestations d\u2019architecte d\u2019int\u00e9rieur et d\u00e9coratrice en \u00cele-de-France En tant qu\u2019architecte d\u2019int\u00e9rieur et d\u00e9coratrice en \u00cele-de-France, j\u2019accompagne les particuliers et les professionnels dans leurs projets d\u2019am\u00e9nagement int\u00e9rieur, de r\u00e9novation compl\u00e8te ou partielle, et de d\u00e9coration pour tous types d\u2019espaces, qu\u2019il s\u2019agisse d\u2019appartements, de maisons ou autre, adapt\u00e9es \u00e0 chaque projet. Gr\u00e2ce \u00e0 un r\u00e9seau de partenaires [&hellip;]<\/p>\n","protected":false},"author":1,"featured_media":0,"parent":0,"menu_order":0,"comment_status":"closed","ping_status":"closed","template":"","meta":{"footnotes":""},"class_list":["post-29","page","type-page","status-publish","hentry"],"yoast_head":"<!-- This site is optimized with the Yoast SEO plugin v26.1.1 - https:\/\/yoast.com\/wordpress\/plugins\/seo\/ -->\n<title>Prestations - Edele design d&#039;int\u00e9rieur<\/title>\n<meta name=\"robots\" content=\"index, follow, max-snippet:-1, max-image-preview:large, max-video-preview:-1\" \/>\n<link rel=\"canonical\" href=\"https:\/\/edeledesign.com\/index.php\/prestations\/\" \/>\n<meta property=\"og:locale\" content=\"fr_FR\" \/>\n<meta property=\"og:type\" content=\"article\" \/>\n<meta property=\"og:title\" content=\"Prestations - Edele design d&#039;int\u00e9rieur\" \/>\n<meta property=\"og:description\" content=\"Prestations d\u2019architecte d\u2019int\u00e9rieur et d\u00e9coratrice en \u00cele-de-France En tant qu\u2019architecte d\u2019int\u00e9rieur et d\u00e9coratrice en \u00cele-de-France, j\u2019accompagne les particuliers et les professionnels dans leurs projets d\u2019am\u00e9nagement int\u00e9rieur, de r\u00e9novation compl\u00e8te ou partielle, et de d\u00e9coration pour tous types d\u2019espaces, qu\u2019il s\u2019agisse d\u2019appartements, de maisons ou autre, adapt\u00e9es \u00e0 chaque projet. Gr\u00e2ce \u00e0 un r\u00e9seau de partenaires [&hellip;]\" \/>\n<meta property=\"og:url\" content=\"https:\/\/edeledesign.com\/index.php\/prestations\/\" \/>\n<meta property=\"og:site_name\" content=\"Edele design d&#039;int\u00e9rieur\" \/>\n<meta property=\"article:publisher\" content=\"https:\/\/www.facebook.com\/share\/N6CjsTkFMpARVFYj\/?mibextid=LQQJ4d\" \/>\n<meta property=\"article:modified_time\" content=\"2026-04-12T14:34:22+00:00\" \/>\n<meta name=\"twitter:card\" content=\"summary_large_image\" \/>\n<meta name=\"twitter:label1\" content=\"Dur\u00e9e de lecture estim\u00e9e\" \/>\n\t<meta name=\"twitter:data1\" content=\"2 minutes\" \/>\n<script type=\"application\/ld+json\" class=\"yoast-schema-graph\">{\"@context\":\"https:\/\/schema.org\",\"@graph\":[{\"@type\":\"WebPage\",\"@id\":\"https:\/\/edeledesign.com\/index.php\/prestations\/\",\"url\":\"https:\/\/edeledesign.com\/index.php\/prestations\/\",\"name\":\"Prestations - Edele design d&#039;int\u00e9rieur\",\"isPartOf\":{\"@id\":\"https:\/\/edeledesign.com\/#website\"},\"datePublished\":\"2024-12-03T22:26:07+00:00\",\"dateModified\":\"2026-04-12T14:34:22+00:00\",\"breadcrumb\":{\"@id\":\"https:\/\/edeledesign.com\/index.php\/prestations\/#breadcrumb\"},\"inLanguage\":\"fr-FR\",\"potentialAction\":[{\"@type\":\"ReadAction\",\"target\":[\"https:\/\/edeledesign.com\/index.php\/prestations\/\"]}]},{\"@type\":\"BreadcrumbList\",\"@id\":\"https:\/\/edeledesign.com\/index.php\/prestations\/#breadcrumb\",\"itemListElement\":[{\"@type\":\"ListItem\",\"position\":1,\"name\":\"Accueil\",\"item\":\"https:\/\/edeledesign.com\/\"},{\"@type\":\"ListItem\",\"position\":2,\"name\":\"Prestations\"}]},{\"@type\":\"WebSite\",\"@id\":\"https:\/\/edeledesign.com\/#website\",\"url\":\"https:\/\/edeledesign.com\/\",\"name\":\"Edele design d'int\u00e9rieur\",\"description\":\"Ensemble, donnons vie \u00e0 un int\u00e9rieur qui vous ressemble et qui am\u00e9liore votre quotidien ou votre activit\u00e9 !\",\"publisher\":{\"@id\":\"https:\/\/edeledesign.com\/#organization\"},\"potentialAction\":[{\"@type\":\"SearchAction\",\"target\":{\"@type\":\"EntryPoint\",\"urlTemplate\":\"https:\/\/edeledesign.com\/?s={search_term_string}\"},\"query-input\":{\"@type\":\"PropertyValueSpecification\",\"valueRequired\":true,\"valueName\":\"search_term_string\"}}],\"inLanguage\":\"fr-FR\"},{\"@type\":\"Organization\",\"@id\":\"https:\/\/edeledesign.com\/#organization\",\"name\":\"Edele design d'int\u00e9rieur\",\"url\":\"https:\/\/edeledesign.com\/\",\"logo\":{\"@type\":\"ImageObject\",\"inLanguage\":\"fr-FR\",\"@id\":\"https:\/\/edeledesign.com\/#\/schema\/logo\/image\/\",\"url\":\"https:\/\/edeledesign.com\/wp-content\/uploads\/2024\/12\/logo_edele_site.png\",\"contentUrl\":\"https:\/\/edeledesign.com\/wp-content\/uploads\/2024\/12\/logo_edele_site.png\",\"width\":400,\"height\":233,\"caption\":\"Edele design d'int\u00e9rieur\"},\"image\":{\"@id\":\"https:\/\/edeledesign.com\/#\/schema\/logo\/image\/\"},\"sameAs\":[\"https:\/\/www.facebook.com\/share\/N6CjsTkFMpARVFYj\/?mibextid=LQQJ4d\",\"https:\/\/www.instagram.com\/edeledesign?igsh=MTF3Z3dvdzhqYTVtaw&utm_source=qr\"]}]}<\/script>\n<!-- \/ Yoast SEO plugin. -->","yoast_head_json":{"title":"Prestations - Edele design d&#039;int\u00e9rieur","robots":{"index":"index","follow":"follow","max-snippet":"max-snippet:-1","max-image-preview":"max-image-preview:large","max-video-preview":"max-video-preview:-1"},"canonical":"https:\/\/edeledesign.com\/index.php\/prestations\/","og_locale":"fr_FR","og_type":"article","og_title":"Prestations - Edele design d&#039;int\u00e9rieur","og_description":"Prestations d\u2019architecte d\u2019int\u00e9rieur et d\u00e9coratrice en \u00cele-de-France En tant qu\u2019architecte d\u2019int\u00e9rieur et d\u00e9coratrice en \u00cele-de-France, j\u2019accompagne les particuliers et les professionnels dans leurs projets d\u2019am\u00e9nagement int\u00e9rieur, de r\u00e9novation compl\u00e8te ou partielle, et de d\u00e9coration pour tous types d\u2019espaces, qu\u2019il s\u2019agisse d\u2019appartements, de maisons ou autre, adapt\u00e9es \u00e0 chaque projet. Gr\u00e2ce \u00e0 un r\u00e9seau de partenaires [&hellip;]","og_url":"https:\/\/edeledesign.com\/index.php\/prestations\/","og_site_name":"Edele design d&#039;int\u00e9rieur","article_publisher":"https:\/\/www.facebook.com\/share\/N6CjsTkFMpARVFYj\/?mibextid=LQQJ4d","article_modified_time":"2026-04-12T14:34:22+00:00","twitter_card":"summary_large_image","twitter_misc":{"Dur\u00e9e de lecture estim\u00e9e":"2 minutes"},"schema":{"@context":"https:\/\/schema.org","@graph":[{"@type":"WebPage","@id":"https:\/\/edeledesign.com\/index.php\/prestations\/","url":"https:\/\/edeledesign.com\/index.php\/prestations\/","name":"Prestations - Edele design d&#039;int\u00e9rieur","isPartOf":{"@id":"https:\/\/edeledesign.com\/#website"},"datePublished":"2024-12-03T22:26:07+00:00","dateModified":"2026-04-12T14:34:22+00:00","breadcrumb":{"@id":"https:\/\/edeledesign.com\/index.php\/prestations\/#breadcrumb"},"inLanguage":"fr-FR","potentialAction":[{"@type":"ReadAction","target":["https:\/\/edeledesign.com\/index.php\/prestations\/"]}]},{"@type":"BreadcrumbList","@id":"https:\/\/edeledesign.com\/index.php\/prestations\/#breadcrumb","itemListElement":[{"@type":"ListItem","position":1,"name":"Accueil","item":"https:\/\/edeledesign.com\/"},{"@type":"ListItem","position":2,"name":"Prestations"}]},{"@type":"WebSite","@id":"https:\/\/edeledesign.com\/#website","url":"https:\/\/edeledesign.com\/","name":"Edele design d'int\u00e9rieur","description":"Ensemble, donnons vie \u00e0 un int\u00e9rieur qui vous ressemble et qui am\u00e9liore votre quotidien ou votre activit\u00e9 !","publisher":{"@id":"https:\/\/edeledesign.com\/#organization"},"potentialAction":[{"@type":"SearchAction","target":{"@type":"EntryPoint","urlTemplate":"https:\/\/edeledesign.com\/?s={search_term_string}"},"query-input":{"@type":"PropertyValueSpecification","valueRequired":true,"valueName":"search_term_string"}}],"inLanguage":"fr-FR"},{"@type":"Organization","@id":"https:\/\/edeledesign.com\/#organization","name":"Edele design d'int\u00e9rieur","url":"https:\/\/edeledesign.com\/","logo":{"@type":"ImageObject","inLanguage":"fr-FR","@id":"https:\/\/edeledesign.com\/#\/schema\/logo\/image\/","url":"https:\/\/edeledesign.com\/wp-content\/uploads\/2024\/12\/logo_edele_site.png","contentUrl":"https:\/\/edeledesign.com\/wp-content\/uploads\/2024\/12\/logo_edele_site.png","width":400,"height":233,"caption":"Edele design d'int\u00e9rieur"},"image":{"@id":"https:\/\/edeledesign.com\/#\/schema\/logo\/image\/"},"sameAs":["https:\/\/www.facebook.com\/share\/N6CjsTkFMpARVFYj\/?mibextid=LQQJ4d","https:\/\/www.instagram.com\/edeledesign?igsh=MTF3Z3dvdzhqYTVtaw&utm_source=qr"]}]}},"_links":{"self":[{"href":"https:\/\/edeledesign.com\/index.php\/wp-json\/wp\/v2\/pages\/29","targetHints":{"allow":["GET"]}}],"collection":[{"href":"https:\/\/edeledesign.com\/index.php\/wp-json\/wp\/v2\/pages"}],"about":[{"href":"https:\/\/edeledesign.com\/index.php\/wp-json\/wp\/v2\/types\/page"}],"author":[{"embeddable":true,"href":"https:\/\/edeledesign.com\/index.php\/wp-json\/wp\/v2\/users\/1"}],"replies":[{"embeddable":true,"href":"https:\/\/edeledesign.com\/index.php\/wp-json\/wp\/v2\/comments?post=29"}],"version-history":[{"count":39,"href":"https:\/\/edeledesign.com\/index.php\/wp-json\/wp\/v2\/pages\/29\/revisions"}],"predecessor-version":[{"id":286,"href":"https:\/\/edeledesign.com\/index.php\/wp-json\/wp\/v2\/pages\/29\/revisions\/286"}],"wp:attachment":[{"href":"https:\/\/edeledesign.com\/index.php\/wp-json\/wp\/v2\/media?parent=29"}],"curies":[{"name":"wp","href":"https:\/\/api.w.org\/{rel}","templated":true}]}}