{"id":3,"date":"2024-11-23T10:51:28","date_gmt":"2024-11-23T09:51:28","guid":{"rendered":"http:\/\/edeledesign.com\/?page_id=3"},"modified":"2024-12-04T21:42:33","modified_gmt":"2024-12-04T20:42:33","slug":"politique-de-confidentialite","status":"publish","type":"page","link":"https:\/\/edeledesign.com\/index.php\/politique-de-confidentialite\/","title":{"rendered":"Mentions l\u00e9gales"},"content":{"rendered":"\n<h2 class=\"wp-block-heading\"><strong>Pr\u00e9sentation g\u00e9n\u00e9rale<\/strong><\/h2>\n\n\n\n<p><strong>\u00c9diteur responsable<\/strong><br>Le pr\u00e9sent site est la propri\u00e9t\u00e9 d\u2019Elisabeth Teixeira<br>La directrice de la publication et gestion \u00e9ditoriale est Elisabeth Teixeira<br>La webmaster est Elisabeth Teixeira<br><strong>R\u00e9alisation, h\u00e9bergement du site<\/strong><br>Le site est r\u00e9alis\u00e9 par Elisabeth Teixeira<br>Il est h\u00e9berg\u00e9 par OVH \u2013 2 rue Kellermann \u2013 59100 Roubaix \u2013 France<br>Contact : <a href=\"https:\/\/edeledesign.com\/index.php\/nous-contacter\/\" data-type=\"page\" data-id=\"151\">Edele Design<\/a><\/p>\n\n\n\n<h2 class=\"wp-block-heading\"><strong>Cookies et donn\u00e9es personnelles<\/strong><\/h2>\n\n\n\n<p><strong>Utilisation des cookies<\/strong><br>Les internautes de ce site sont inform\u00e9s que, lors de l&rsquo;acc\u00e8s \u00e0 ce site, des informations peuvent \u00eatre temporairement conserv\u00e9es en m\u00e9moire ou sur leur disque dur afin de faciliter la navigation sur le site. Les internautes du site reconnaissent avoir \u00e9t\u00e9 inform\u00e9s de cette pratique et autorisent ce site \u00e0 l&#8217;employer. Ils peuvent par ailleurs s&rsquo;opposer \u00e0 l&rsquo;enregistrement de cookies en employant pour cela les fonctionnalit\u00e9s correspondantes sur leur navigateur.<\/p>\n\n\n\n<p><strong>Donn\u00e9es personnelles<\/strong><br>Les seules donn\u00e9es collect\u00e9es sont celles fournies par l&rsquo;utilisateur dans le cadre du formulaire de contact. La collecte et le traitement des informations personnelles sur Internet doivent se faire dans le respect des droits fondamentaux des personnes.<\/p>\n\n\n\n<p>Par cons\u00e9quent, l&rsquo;\u00e9diteur s&rsquo;engage \u00e0 une politique de traitement en conformit\u00e9 avec la loi n\u00b078-17 du 6 janvier 1978 relative \u00e0 l&rsquo;informatique, aux fichiers et aux libert\u00e9s.<\/p>\n\n\n\n<p>Par ailleurs, toujours au titre de ladite loi, tout utilisateur du site dispose d&rsquo;un droit d&rsquo;acc\u00e8s, modification, de rectification ou de suppression aux donn\u00e9es personnelles le concernant. Il peut exercer ces droits en contactant l&rsquo;\u00e9diteur aux coordonn\u00e9es indiqu\u00e9es en haut de page.<\/p>\n\n\n\n<h2 class=\"wp-block-heading\"><strong>Droit de la propri\u00e9t\u00e9 intellectuelle<\/strong><\/h2>\n\n\n\n<p>L&rsquo;ensemble de ce site rel\u00e8ve de la l\u00e9gislation fran\u00e7aise sur le droit d&rsquo;auteur, le droit des marques et, de fa\u00e7on g\u00e9n\u00e9rale, sur la propri\u00e9t\u00e9 intellectuelle, en ce qui concerne chacun des \u00e9l\u00e9ments de son contenu (textes, images, donn\u00e9es, dessins, graphiques, photos et bandes sonores&#8230;) et sa forme. Ces contenus, figurant sur les pages de ce site, sont la propri\u00e9t\u00e9 exclusive d\u2019Edele Design.<\/p>\n\n\n\n<p>La reproduction ou repr\u00e9sentation, int\u00e9grale ou partielle, des pages, des donn\u00e9es et de toute autre \u00e9l\u00e9ment constitutif du site, par quelque proc\u00e9d\u00e9 ou support que ce soit, est interdite et constitue sans autorisation expresse et pr\u00e9alable de l&rsquo;\u00e9diteur une contrefa\u00e7on sanctionn\u00e9e par les articles L335-2 et suivants du Code de la propri\u00e9t\u00e9 intellectuelle.<\/p>\n\n\n\n<p>La marque pr\u00e9sente ainsi que le logo figurant sur le site est une marque d\u00e9pos\u00e9e en France. Toute reproduction totale ou partielle de cette marque ou de ce logo, effectu\u00e9e \u00e0 partir des \u00e9l\u00e9ments du site sans l\u2019autorisation expresse et pr\u00e9alable d\u2019Elisabeth TEIXEIRA, est donc prohib\u00e9e, au sens de l\u2019article L713-2 du Code de la propri\u00e9t\u00e9 intellectuelle.<\/p>\n\n\n\n<p>De m\u00eame, toute utilisation du contenu et de ce site \u00e0 des fins ill\u00e9gales fera l\u2019objet de poursuites judiciaires \u00e0 l\u2019\u00e9gard des contrevenants.<\/p>\n\n\n\n<h2 class=\"wp-block-heading\"><strong>Loi applicable<\/strong><\/h2>\n\n\n\n<p>Le contenu du site est assujetti au droit applicable en France. Tout utilisateur reconna\u00eet la comp\u00e9tence du tribunal comp\u00e9tent pour tout ce qui concerne le contenu et l\u2019utilisation du site ou les recours en d\u00e9coulant.<\/p>\n","protected":false},"excerpt":{"rendered":"<p>Pr\u00e9sentation g\u00e9n\u00e9rale \u00c9diteur responsableLe pr\u00e9sent site est la propri\u00e9t\u00e9 d\u2019Elisabeth TeixeiraLa directrice de la publication et gestion \u00e9ditoriale est Elisabeth TeixeiraLa webmaster est Elisabeth TeixeiraR\u00e9alisation, h\u00e9bergement du siteLe site est r\u00e9alis\u00e9 par Elisabeth TeixeiraIl est h\u00e9berg\u00e9 par OVH \u2013 2 rue Kellermann \u2013 59100 Roubaix \u2013 FranceContact : Edele Design Cookies et donn\u00e9es personnelles Utilisation [&hellip;]<\/p>\n","protected":false},"author":1,"featured_media":0,"parent":0,"menu_order":0,"comment_status":"closed","ping_status":"open","template":"","meta":{"footnotes":""},"class_list":["post-3","page","type-page","status-publish","hentry"],"yoast_head":"<!-- This site is optimized with the Yoast SEO plugin v26.1.1 - https:\/\/yoast.com\/wordpress\/plugins\/seo\/ -->\n<title>Mentions l\u00e9gales - Edele design d&#039;int\u00e9rieur<\/title>\n<meta name=\"robots\" content=\"index, follow, max-snippet:-1, max-image-preview:large, max-video-preview:-1\" \/>\n<link rel=\"canonical\" href=\"https:\/\/edeledesign.com\/index.php\/politique-de-confidentialite\/\" \/>\n<meta property=\"og:locale\" content=\"fr_FR\" \/>\n<meta property=\"og:type\" content=\"article\" \/>\n<meta property=\"og:title\" content=\"Mentions l\u00e9gales - Edele design d&#039;int\u00e9rieur\" \/>\n<meta property=\"og:description\" content=\"Pr\u00e9sentation g\u00e9n\u00e9rale \u00c9diteur responsableLe pr\u00e9sent site est la propri\u00e9t\u00e9 d\u2019Elisabeth TeixeiraLa directrice de la publication et gestion \u00e9ditoriale est Elisabeth TeixeiraLa webmaster est Elisabeth TeixeiraR\u00e9alisation, h\u00e9bergement du siteLe site est r\u00e9alis\u00e9 par Elisabeth TeixeiraIl est h\u00e9berg\u00e9 par OVH \u2013 2 rue Kellermann \u2013 59100 Roubaix \u2013 FranceContact : Edele Design Cookies et donn\u00e9es personnelles Utilisation [&hellip;]\" \/>\n<meta property=\"og:url\" content=\"https:\/\/edeledesign.com\/index.php\/politique-de-confidentialite\/\" \/>\n<meta property=\"og:site_name\" content=\"Edele design d&#039;int\u00e9rieur\" \/>\n<meta property=\"article:publisher\" content=\"https:\/\/www.facebook.com\/share\/N6CjsTkFMpARVFYj\/?mibextid=LQQJ4d\" \/>\n<meta property=\"article:modified_time\" content=\"2024-12-04T20:42:33+00:00\" \/>\n<meta name=\"twitter:card\" content=\"summary_large_image\" \/>\n<meta name=\"twitter:label1\" content=\"Dur\u00e9e de lecture estim\u00e9e\" \/>\n\t<meta name=\"twitter:data1\" content=\"3 minutes\" \/>\n<script type=\"application\/ld+json\" class=\"yoast-schema-graph\">{\"@context\":\"https:\/\/schema.org\",\"@graph\":[{\"@type\":\"WebPage\",\"@id\":\"https:\/\/edeledesign.com\/index.php\/politique-de-confidentialite\/\",\"url\":\"https:\/\/edeledesign.com\/index.php\/politique-de-confidentialite\/\",\"name\":\"Mentions l\u00e9gales - Edele design d&#039;int\u00e9rieur\",\"isPartOf\":{\"@id\":\"https:\/\/edeledesign.com\/#website\"},\"datePublished\":\"2024-11-23T09:51:28+00:00\",\"dateModified\":\"2024-12-04T20:42:33+00:00\",\"breadcrumb\":{\"@id\":\"https:\/\/edeledesign.com\/index.php\/politique-de-confidentialite\/#breadcrumb\"},\"inLanguage\":\"fr-FR\",\"potentialAction\":[{\"@type\":\"ReadAction\",\"target\":[\"https:\/\/edeledesign.com\/index.php\/politique-de-confidentialite\/\"]}]},{\"@type\":\"BreadcrumbList\",\"@id\":\"https:\/\/edeledesign.com\/index.php\/politique-de-confidentialite\/#breadcrumb\",\"itemListElement\":[{\"@type\":\"ListItem\",\"position\":1,\"name\":\"Accueil\",\"item\":\"https:\/\/edeledesign.com\/\"},{\"@type\":\"ListItem\",\"position\":2,\"name\":\"Mentions l\u00e9gales\"}]},{\"@type\":\"WebSite\",\"@id\":\"https:\/\/edeledesign.com\/#website\",\"url\":\"https:\/\/edeledesign.com\/\",\"name\":\"Edele design d'int\u00e9rieur\",\"description\":\"Ensemble, donnons vie \u00e0 un int\u00e9rieur qui vous ressemble et qui am\u00e9liore votre quotidien ou votre activit\u00e9 !\",\"publisher\":{\"@id\":\"https:\/\/edeledesign.com\/#organization\"},\"potentialAction\":[{\"@type\":\"SearchAction\",\"target\":{\"@type\":\"EntryPoint\",\"urlTemplate\":\"https:\/\/edeledesign.com\/?s={search_term_string}\"},\"query-input\":{\"@type\":\"PropertyValueSpecification\",\"valueRequired\":true,\"valueName\":\"search_term_string\"}}],\"inLanguage\":\"fr-FR\"},{\"@type\":\"Organization\",\"@id\":\"https:\/\/edeledesign.com\/#organization\",\"name\":\"Edele design d'int\u00e9rieur\",\"url\":\"https:\/\/edeledesign.com\/\",\"logo\":{\"@type\":\"ImageObject\",\"inLanguage\":\"fr-FR\",\"@id\":\"https:\/\/edeledesign.com\/#\/schema\/logo\/image\/\",\"url\":\"https:\/\/edeledesign.com\/wp-content\/uploads\/2024\/12\/logo_edele_site.png\",\"contentUrl\":\"https:\/\/edeledesign.com\/wp-content\/uploads\/2024\/12\/logo_edele_site.png\",\"width\":400,\"height\":233,\"caption\":\"Edele design d'int\u00e9rieur\"},\"image\":{\"@id\":\"https:\/\/edeledesign.com\/#\/schema\/logo\/image\/\"},\"sameAs\":[\"https:\/\/www.facebook.com\/share\/N6CjsTkFMpARVFYj\/?mibextid=LQQJ4d\",\"https:\/\/www.instagram.com\/edeledesign?igsh=MTF3Z3dvdzhqYTVtaw&utm_source=qr\"]}]}<\/script>\n<!-- \/ Yoast SEO plugin. -->","yoast_head_json":{"title":"Mentions l\u00e9gales - Edele design d&#039;int\u00e9rieur","robots":{"index":"index","follow":"follow","max-snippet":"max-snippet:-1","max-image-preview":"max-image-preview:large","max-video-preview":"max-video-preview:-1"},"canonical":"https:\/\/edeledesign.com\/index.php\/politique-de-confidentialite\/","og_locale":"fr_FR","og_type":"article","og_title":"Mentions l\u00e9gales - Edele design d&#039;int\u00e9rieur","og_description":"Pr\u00e9sentation g\u00e9n\u00e9rale \u00c9diteur responsableLe pr\u00e9sent site est la propri\u00e9t\u00e9 d\u2019Elisabeth TeixeiraLa directrice de la publication et gestion \u00e9ditoriale est Elisabeth TeixeiraLa webmaster est Elisabeth TeixeiraR\u00e9alisation, h\u00e9bergement du siteLe site est r\u00e9alis\u00e9 par Elisabeth TeixeiraIl est h\u00e9berg\u00e9 par OVH \u2013 2 rue Kellermann \u2013 59100 Roubaix \u2013 FranceContact : Edele Design Cookies et donn\u00e9es personnelles Utilisation [&hellip;]","og_url":"https:\/\/edeledesign.com\/index.php\/politique-de-confidentialite\/","og_site_name":"Edele design d&#039;int\u00e9rieur","article_publisher":"https:\/\/www.facebook.com\/share\/N6CjsTkFMpARVFYj\/?mibextid=LQQJ4d","article_modified_time":"2024-12-04T20:42:33+00:00","twitter_card":"summary_large_image","twitter_misc":{"Dur\u00e9e de lecture estim\u00e9e":"3 minutes"},"schema":{"@context":"https:\/\/schema.org","@graph":[{"@type":"WebPage","@id":"https:\/\/edeledesign.com\/index.php\/politique-de-confidentialite\/","url":"https:\/\/edeledesign.com\/index.php\/politique-de-confidentialite\/","name":"Mentions l\u00e9gales - Edele design d&#039;int\u00e9rieur","isPartOf":{"@id":"https:\/\/edeledesign.com\/#website"},"datePublished":"2024-11-23T09:51:28+00:00","dateModified":"2024-12-04T20:42:33+00:00","breadcrumb":{"@id":"https:\/\/edeledesign.com\/index.php\/politique-de-confidentialite\/#breadcrumb"},"inLanguage":"fr-FR","potentialAction":[{"@type":"ReadAction","target":["https:\/\/edeledesign.com\/index.php\/politique-de-confidentialite\/"]}]},{"@type":"BreadcrumbList","@id":"https:\/\/edeledesign.com\/index.php\/politique-de-confidentialite\/#breadcrumb","itemListElement":[{"@type":"ListItem","position":1,"name":"Accueil","item":"https:\/\/edeledesign.com\/"},{"@type":"ListItem","position":2,"name":"Mentions l\u00e9gales"}]},{"@type":"WebSite","@id":"https:\/\/edeledesign.com\/#website","url":"https:\/\/edeledesign.com\/","name":"Edele design d'int\u00e9rieur","description":"Ensemble, donnons vie \u00e0 un int\u00e9rieur qui vous ressemble et qui am\u00e9liore votre quotidien ou votre activit\u00e9 !","publisher":{"@id":"https:\/\/edeledesign.com\/#organization"},"potentialAction":[{"@type":"SearchAction","target":{"@type":"EntryPoint","urlTemplate":"https:\/\/edeledesign.com\/?s={search_term_string}"},"query-input":{"@type":"PropertyValueSpecification","valueRequired":true,"valueName":"search_term_string"}}],"inLanguage":"fr-FR"},{"@type":"Organization","@id":"https:\/\/edeledesign.com\/#organization","name":"Edele design d'int\u00e9rieur","url":"https:\/\/edeledesign.com\/","logo":{"@type":"ImageObject","inLanguage":"fr-FR","@id":"https:\/\/edeledesign.com\/#\/schema\/logo\/image\/","url":"https:\/\/edeledesign.com\/wp-content\/uploads\/2024\/12\/logo_edele_site.png","contentUrl":"https:\/\/edeledesign.com\/wp-content\/uploads\/2024\/12\/logo_edele_site.png","width":400,"height":233,"caption":"Edele design d'int\u00e9rieur"},"image":{"@id":"https:\/\/edeledesign.com\/#\/schema\/logo\/image\/"},"sameAs":["https:\/\/www.facebook.com\/share\/N6CjsTkFMpARVFYj\/?mibextid=LQQJ4d","https:\/\/www.instagram.com\/edeledesign?igsh=MTF3Z3dvdzhqYTVtaw&utm_source=qr"]}]}},"_links":{"self":[{"href":"https:\/\/edeledesign.com\/index.php\/wp-json\/wp\/v2\/pages\/3","targetHints":{"allow":["GET"]}}],"collection":[{"href":"https:\/\/edeledesign.com\/index.php\/wp-json\/wp\/v2\/pages"}],"about":[{"href":"https:\/\/edeledesign.com\/index.php\/wp-json\/wp\/v2\/types\/page"}],"author":[{"embeddable":true,"href":"https:\/\/edeledesign.com\/index.php\/wp-json\/wp\/v2\/users\/1"}],"replies":[{"embeddable":true,"href":"https:\/\/edeledesign.com\/index.php\/wp-json\/wp\/v2\/comments?post=3"}],"version-history":[{"count":9,"href":"https:\/\/edeledesign.com\/index.php\/wp-json\/wp\/v2\/pages\/3\/revisions"}],"predecessor-version":[{"id":192,"href":"https:\/\/edeledesign.com\/index.php\/wp-json\/wp\/v2\/pages\/3\/revisions\/192"}],"wp:attachment":[{"href":"https:\/\/edeledesign.com\/index.php\/wp-json\/wp\/v2\/media?parent=3"}],"curies":[{"name":"wp","href":"https:\/\/api.w.org\/{rel}","templated":true}]}}